n. What are the prime factors of o?
3, 17
Let d(w) = w**2 + 4*w - 15. Let p be d(-4). Let m(g) = -12*g - 60. What are the prime factors of m(p)?
2, 3, 5
Suppose -j = -3*j + 3*v + 10, 20 = 5*j - 5*v. What are the prime factors of (j/(-4))/((-5 + 0)/1730)?
173
Suppose 5*w + 5*v = 50, -2*w + 62 = 3*w - v. Let n = w + -9. What are the prime factors of n?
3
What are the prime factors of (-6)/(-4)*806/3 + -3?
2, 5
Let m(k) = -6 - k**3 - 9*k**2 + 2*k**3 - 8*k + 9 + 4*k**2. Let c be m(6). What are the prime factors of (-6)/c - 158/(-6)?
3
Let u be (-2)/(-4)*(156/1)/3. List the prime factors of 4/(-26) + 446/u.
17
Suppose 5*p = 4*p + 4*y - 97, y - 159 = 2*p. Let l be 5/20 + p/4. What are the prime factors of ((-399)/l)/((-3)/(-4))?
2, 7
Let c = 309 - -175. What are the prime factors of c?
2, 11
Let f = -196 + 617. What are the prime factors of f?
421
Let p(i) = i**3 + 4*i**2 + 3*i - 4. Let q be p(-3). Let v = 10 + -4. Let d = v - q. List the prime factors of d.
2, 5
Let s be (-10)/(-4)*(-3 + 5). Suppose s*i - 13 = t, -3*i = t - 15 - 4. Suppose 4*f - 5*y = 89, -t*y + 2*y = 2*f - 7. List the prime factors of f.
2
Let y(u) be the second derivative of -13*u**3/3 - 5*u**2/2 + 5*u. List the prime factors of y(-7).
3, 59
Let b be (-16*(-18)/(-4))/(-1). Let u = b + -14. List the prime factors of u.
2, 29
Suppose -4*n = -4*a + 68, 2*a - 3*n = -2*a + 70. Suppose 0 = z - 3, l + 2*z - a = 11. List the prime factors of l.
2, 3
Let z be 4 - (-11)/(-3 - -4). Let p = z - 18. List the prime factors of ((-2)/p)/(16/168).
7
Let w = 215 - -630. What are the prime factors of w?
5, 13
Suppose 5*z + 0*z + 5*k - 700 = 0, -z - 3*k + 140 = 0. Let l = z - 15. List the prime factors of l.
5
Let k be (-24)/(-32) - (-26)/8. Suppose 3*d = x + x - 7, -k*d = x + 13. Let q = 43 - x. What are the prime factors of q?
2, 11
What are the prime factors of ((-54)/162)/((-1)/249)?
83
Let y(r) = 8*r + 267. List the prime factors of y(-22).
7, 13
Let f be -2 + (3 + -15)/3. Let b = 19 + f. What are the prime factors of b?
13
List the prime factors of 1065 - (15 + -23) - (-8 - -1).
2, 3, 5
Let t be (9 - 2)/(-1 - -2). Suppose -108 = t*q - 8*q. Suppose -4*x = 3*j - 6 - q, -x + 3*j = -36. What are the prime factors of x?
2, 3, 5
Let u be 5/15*(1 + 5). Let h = 0 - u. Let x = 24 - h. List the prime factors of x.
2, 13
Let r be ((-24)/1)/(-3*(-4)/(-12)). Suppose -28*h + r*h = -156. What are the prime factors of h?
3, 13
Suppose 4*p - 2*q = 253 + 463, -q - 537 = -3*p. What are the prime factors of p?
179
Let m(x) = x**3 - 5*x**2 + 4*x + 2. Suppose 3*c - 4 = 4*c. Let a be 7 + c - (-2 - -1). List the prime factors of m(a).
2
Let m(f) = 7*f**2 - 3*f - 2. Suppose 3*n + 13 = 5*w - 0*n, 2*n - 2 = -2*w. Suppose -w*t + 2 = 2*l, 4*l + 2*t = -t + 1. List the prime factors of m(l).
2
Suppose 2580 = 17*t - 14*t. Suppose -13*i - t = -3811. List the prime factors of i.
227
Suppose 39*r + 9180 - 27198 = 0. What are the prime factors of r?
2, 3, 7, 11
Let u be 88/6 - (-5)/15. Suppose -3 + u = 2*n. What are the prime factors of n?
2, 3
Suppose -14*x + 2*r = -15*x + 1141, 3*r - 12 = 0. What are the prime factors of x?
11, 103
Let b = 127 - 62. Suppose 68*n = b*n + 243. List the prime factors of n.
3
Suppose -2*p + 8 + 2 = 0, 0 = 5*a + p - 5. Suppose a = -11*u + 16*u - 445. List the prime factors of u.
89
Let b = -13 + 22. What are the prime factors of -3*(-1)/(b/174)?
2, 29
Let x(w) = -15*w + 123. List the prime factors of x(6).
3, 11
Let a(g) = -g**2 + 5*g - 2. Let r be a(4). Suppose 7 = -r*p - 11. Let m(v) = v**3 + 11*v**2 + 12*v + 10. List the prime factors of m(p).
2
Suppose -11*g + 1003 = 266. What are the prime factors of g?
67
Suppose 2*k - 2*s = 3864, 3547 + 4171 = 4*k - 2*s. What are the prime factors of k?
41, 47
Let j(r) = 2*r**2 - 28*r + 182. List the prime factors of j(45).
2, 743
Let g be (-6)/(-10)*(4 + 1). List the prime factors of 4 + (g - 0) + 1*-1.
2, 3
Let f be (-8)/3*18/(-12). Suppose f*r - 344 = 812. List the prime factors of r.
17
Suppose -102*s = -96*s - 24318. What are the prime factors of s?
3, 7, 193
Let r(u) = -2*u + 4*u**2 + 2*u + 1 + 6. Let j be r(6). Suppose 43 = 3*n + z - 72, j = 4*n - z. List the prime factors of n.
2, 19
List the prime factors of 13 + -7 + 1933 - (2 + 2).
3, 5, 43
Suppose 18*r - 12*r = 1158. What are the prime factors of r?
193
Suppose -q = -4*u - 253, 2*q + 3*q - u = 1265. What are the prime factors of q?
11, 23
Let h = 605 - 352. What are the prime factors of h?
11, 23
Let t = -16 + 21. Let d = -1 + t. What are the prime factors of 6 + (-8)/d - -22?
2, 13
Suppose -3*d + 4*u = -27, 4*u - 5*u - 13 = -2*d. Let j be (-1)/2*-2*d. Suppose j*y - 50 = 105. List the prime factors of y.
31
Suppose 0 = -l + 64 + 101. List the prime factors of l.
3, 5, 11
Let s(z) = z**2 + 3*z + 56. List the prime factors of s(-9).
2, 5, 11
Suppose 849 + 1706 = 5*y. Suppose -4*x - y = -1435. List the prime factors of x.
3, 7, 11
Let q(m) = 79*m**2 + 1. Let f be q(-1). Suppose -l + f = -0*l. List the prime factors of l.
2, 5
Suppose -5*i + 569 = w, 5*w = -0*w - 2*i + 2730. Suppose 0*p = -4*p + w. What are the prime factors of p?
2, 17
Let s(b) = 184*b + 165. List the prime factors of s(2).
13, 41
Suppose -18*z - 295 = -23*z. Suppose -3*w + 2*j = -2, -4*j - 6 = -4*w - 2*j. Suppose w*m = z + 61. List the prime factors of m.
2, 3, 5
Let p = -225 + 1409. List the prime factors of p.
2, 37
Suppose 0 = 2*w - 5*b - 5, -4*w + 3*b - b + 2 = 0. Suppose w = -8*f + 4*f + 196. List the prime factors of f.
7
Let c(h) = -3*h - 12. Let z be 2/(-12) - (-52)/24. Suppose 3*x = n - 0*n + 20, 0 = -z*x + 8. List the prime factors of c(n).
2, 3
Suppose 35 = 5*h + 4*f, f = h - 0*h + 2. Let j = 45 - 40. Suppose j*c = -u - 10, 3*u - c - 35 = -h*c. What are the prime factors of u?
3, 5
Let f(l) = 3*l - 4. Let h be f(3). Suppose h*s + 0*s - 345 = 0. List the prime factors of s.
3, 23
Let w = -84 + 95. What are the prime factors of w?
11
Let m(o) = 17*o**2 + 24*o - 311. List the prime factors of m(14).
3, 373
What are the prime factors of (-9)/(-27) - (0 + 7208/(-12))?
601
Let l = 35 + -32. What are the prime factors of (-1)/l*(-9 + -87)?
2
Suppose 2*m = -3*r - 87, 2*m + 3*m = -5*r - 225. Let g = -25 - m. What are the prime factors of (-1 - -3) + g - 1?
2, 3
Suppose 1971 = 21*i - 21633. List the prime factors of i.
2, 281
Suppose 3*f + 4*w = 2842, 3*f - 2*w - w - 2856 = 0. List the prime factors of f.
2, 5, 19
Let n(k) = 20*k**2 - 5*k + 6. Let f be n(3). Suppose 2*i = 4*s - 648, -s + 5*i + f = -0*s. List the prime factors of s.
7, 23
Suppose 225 = 4*p - 199. What are the prime factors of p?
2, 53
Let t = -3 + 3. Suppose t = -20*u + 15*u + 230. What are the prime factors of u?
2, 23
Let z(t) = -4*t**2 + 2*t + 1. Let q be z(2). Let i = q + 15. Suppose i*n - 2*o - 178 = 0, 0*o + 4*o = 4*n - 184. What are the prime factors of n?
43
Suppose -2*j + 12 = 2*j. Suppose a + 2*a = -w + 40, -j*w - 4*a + 110 = 0. Let i = -11 + w. List the prime factors of i.
23
Let w = 174 - 105. Let u = 182 - w. What are the prime factors of u?
113
Let q(p) = -p**3 + 10*p**2 + 13*p - 19. Let h be q(11). Suppose -239 = -5*c + c - h*x, 3*c + 4*x - 174 = 0. List the prime factors of c.
2, 31
Suppose g + 5*i = -95 + 339, 2*i - 1266 = -5*g. What are the prime factors of g?
2, 127
Suppose -2*t - 4*a - 4 = 0, 0*a = 5*t + a - 26. Suppose 49 = m + t*m. List the prime factors of m.
7
Suppose 5 = -h - 3*m, 2*m = 5*m + 6. What are the prime factors of 41 - 0 - (h + 1)?
3, 13
Let m be (3/(-6))/(3/(-222)). Suppose r - m = -1. Let t = r - 24. List the prime factors of t.
2, 3
Let r(y) = 13*y - 380. What are the prime factors of r(44)?
2, 3
Let w(y) = y**2 - 9*y + 1. Let z be w(9). Let b(q) = 2*q + 0*q - q + 1 + q**2 + z. List the prime factors of b(-4).
2, 7
Suppose -14 - 1 = -5*t. Suppose -2*h - 3*b - 2*b = -23, 2*h = -t*b + 21. Suppose -6*i = -h*i + 57. List the prime factors of i.
19
Let g = -14 + 17. Suppose w - 14 - 1 = -4*o, -5*w + 24 = g*o. What are the prime factors of 8*(o - (-2)/(-2))?
2
Let j be -2 - -5*(2 - -2). Suppose j*z - 9 = 19*z. Let a(s) = s**2 + 6*s - 7. What are the prime factors of a(z)?
2, 5
Let n be (-3)/(45/(-456)) + (-8)/20. Let h = 38 + n. List the prime factors of h.
2, 17
Suppose -5*d + 4*y - 98 = 0, 6 - 4 = y. What are the prime factor